129645 is divided by 17.
3
What is the remainder when 427906 is divided by 341?
292
What is the remainder when 1341 is divided by 224?
221
Calculate the remainder when 27164 is divided by 47.
45
Calculate the remainder when 204367 is divided by 212.
211
Calculate the remainder when 103384 is divided by 1162.
1128
Calculate the remainder when 10758 is divided by 4.
2
What is the remainder when 30055 is divided by 1151?
129
What is the remainder when 14287 is divided by 47?
46
Calculate the remainder when 9101 is divided by 80.
61
Calculate the remainder when 4243 is divided by 695.
73
Calculate the remainder when 49888 is divided by 215.
8
What is the remainder when 5181 is divided by 908?
641
What is the remainder when 2502 is divided by 812?
66
What is the remainder when 169313 is divided by 84654?
5
Calculate the remainder when 264731 is divided by 265.
261
Calculate the remainder when 251034 is divided by 17.
12
What is the remainder when 30765 is divided by 671?
570
Calculate the remainder when 8827 is divided by 1102.
11
What is the remainder when 138183 is divided by 7?
3
Calculate the remainder when 63962 is divided by 31961.
40
What is the remainder when 33029 is divided by 35?
24
Calculate the remainder when 2286 is divided by 55.
31
What is the remainder when 149267 is divided by 43?
14
Calculate the remainder when 303746 is divided by 18.
14
Calculate the remainder when 95935 is divided by 64.
63
What is the remainder when 86385 is divided by 49?
47
Calculate the remainder when 163139 is divided by 350.
39
What is the remainder when 4998 is divided by 131?
20
What is the remainder when 13198 is divided by 1460?
58
Calculate the remainder when 782233 is divided by 391107.
19
Calculate the remainder when 94795 is divided by 1156.
3
Calculate the remainder when 7520 is divided by 356.
44
What is the remainder when 13523 is divided by 377?
328
What is the remainder when 204129 is divided by 4?
1
What is the remainder when 23918 is divided by 26?
24
Calculate the remainder when 8336 is divided by 4.
0
Calculate the remainder when 7801 is divided by 129.
61
What is the remainder when 1093 is divided by 7?
1
What is the remainder when 54702 is divided by 15?
12
What is the remainder when 7774 is divided by 863?
7
Calculate the remainder when 1220 is divided by 217.
135
Calculate the remainder when 2819 is divided by 2763.
56
Calculate the remainder when 16179 is divided by 4009.
143
Calculate the remainder when 223870 is divided by 528.
526
What is the remainder when 4722 is divided by 36?
6
What is the remainder when 10701 is divided by 50?
1
Calculate the remainder when 5618 is divided by 29.
21
What is the remainder when 3608 is divided by 254?
52
Calculate the remainder when 346235 is divided by 61.
60
What is the remainder when 15759 is divided by 338?
211
What is the remainder when 74060 is divided by 1299?
17
What is the remainder when 16699 is divided by 3338?
9
Calculate the remainder when 9498 is divided by 23.
22
What is the remainder when 11007 is divided by 388?
143
What is the remainder when 194234 is divided by 19?
16
What is the remainder when 1240 is divided by 20?
0
What is the remainder when 4700 is divided by 420?
80
What is the remainder when 18326 is divided by 900?
326
Calculate the remainder when 10754 is divided by 229.
220
Calculate the remainder when 9601 is divided by 112.
81
What is the remainder when 9910 is divided by 213?
112
What is the remainder when 4477 is divided by 639?
4
What is the remainder when 45919 is divided by 134?
91
Calculate the remainder when 2093 is divided by 16.
13
What is the remainder when 199038 is divided by 605?
598
Calculate the remainder when 24301 is divided by 112.
109
What is the remainder when 7440 is divided by 821?
51
Calculate the remainder when 787 is divided by 71.
6
What is the remainder when 4514 is divided by 2212?
90
What is the remainder when 132783 is divided by 386?
385
Calculate the remainder when 20895 is divided by 184.
103
What is the remainder when 152982 is divided by 217?
214
Calculate the remainder when 82286 is divided by 1788.
38
Calculate the remainder when 15157 is divided by 40.
37
Calculate the remainder when 23392 is divided by 312.
304
Calculate the remainder when 213997 is divided by 100.
97
Calculate the remainder when 9006 is divided by 4498.
10
Calculate the remainder when 3669 is divided by 17.
14
What is the remainder when 5774 is divided by 175?
174
Calculate the remainder when 16557 is divided by 138.
135
What is the remainder when 15429 is divided by 993?
534
Calculate the remainder when 1097 is divided by 540.
17
What is the remainder when 1490 is divided by 22?
16
Calculate the remainder when 36032 is divided by 117.
113
Calculate the remainder when 13045 is divided by 109.
74
What is the remainder when 4708 is divided by 427?
11
Calculate the remainder when 3365 is divided by 311.
255
Calculate the remainder when 1289105 is divided by 3503.
1
What is the remainder when 3388964 is divided by 264?
260
What is the remainder when 1102 is divided by 29?
0
What is the remainder when 85696 is divided by 1648?
0
What is the remainder when 2041 is divided by 628?
157
What is the remainder when 61636 is divided by 20513?
97
What is the remainder when 147615 is divided by 412?
119
What is the remainder when 62807 is divided by 757?
733
Calculate the remainder when 274543 is divided by 25.
18
What is the remainder when 5003 is divided by 485?
153
Calculate the remainder when 310752 is divided by 164.
136
Calculate the remainder when 89090 is divided by 53.
50
What is the remainder when 3988458 is divided by 106?
102
What is the remainder when 10764 is divided by 1324?
172
Calculate the remainder when 10620 is divided by 461.
17
Calculate the remainder when 1346548 is divided by 1124.
1120
Calculate the remainder when 15756 is divided by 225.
6
Calculate the remainder when 1966378 is divided by 20.
18
What is the remainder when 25659 is divided by 1798?
487
What is the remainder when 40698 is divided by 831?
810
What is the remainder when 1677 is divided by 557?
6
Calculate the remainder when 6824 is divided by 2259.
47
Calculate the remainder when 4866 is divided by 804.
42
Calculate the remainder when 29782 is divided by 377.
376
What is the remainder when 116087 is divided by 116083?
4
Calculate the remainder when 148568 is divided by 10.
8
Calculate the remainder when 42548 is divided by 115.
113
Calculate the remainder when 223339 is divided by 14.
11
Calculate the remainder when 69508 is divided by 146.
12
What is the remainder when 12479 is divided by 6194?
91
Calculate the remainder when 2476 is divided by 1226.
24
Calculate the remainder when 263920 is divided by 6767.
7
What is the remainder when 600 is divided by 423?
177
What is the remainder when 47293 is divided by 170?
33
Calculate the remainder when 3363 is divided by 105.
3
What is the remainder when 493 is divided by 140?
73
What is the remainder when 11466 is divided by 25?
16
What is the remainder when 41931 is divided by 699?
690
Calculate the remainder when 418 is divided by 380.
38
What is the remainder when 2641 is divided by 135?
76
What is the remainder when 3127 is divided by 35?
12
Calculate the remainder when 10603 is divided by 2080.
203
Calculate the remainder when 1010943 is divided by 739.
730
Calculate the remainder when 25662 is divided by 59.
56
What is the remainder when 1359387 is divided by 565?
562
Calculate the remainder when 78958 is divided by 26314.
16
Calculate the remainder when 5598 is divided by 140.
138
What is the remainder when 63942 is divided by 13?
8
What is the remainder when 186014 is divided by 142?
136
What is the remainder when 19857 is divided by 60?
57
What is the remainder when 189178 is divided by 189177?
1
Calculate the remainder when 553388 is divided by 1296.
1292
What is the remainder when 14650 is divided by 114?
58
Calculate the remainder when 2481 is divided by 100.
81
What is the remainder when 230398 is divided by 90?
88
Calculate the remainder when 38723 is divided by 1914.
443
Calculate the remainder when 3501 is divided by 1024.
429
Calculate the remainder when 54598 is divided by 6066.
4
Calculate the remainder when 1186